 of 227?
False
Does 34 divide 7446?
True
Is 783 a multiple of 29?
True
Does 10 divide 51700?
True
Is 67 a factor of 4623?
True
Is 18311 a multiple of 9?
False
Is 110952 a multiple of 9?
True
Is 603 a multiple of 24?
False
Does 63 divide 2142?
True
Is 1678 a multiple of 3?
False
Is 5 a factor of 113?
False
Is 128 a factor of 640?
True
Is 21 a factor of 1305?
False
Is 2 a factor of 273?
False
Is 8 a factor of 685?
False
Is 56 a factor of 41406?
False
Is 64 a factor of 5824?
True
Does 15 divide 480?
True
Is 506 a multiple of 23?
True
Is 1574 a multiple of 71?
False
Does 31 divide 15927?
False
Is 1029 a multiple of 188?
False
Is 7 a factor of 264?
False
Is 2388 a multiple of 2?
True
Does 35 divide 2386?
False
Does 15 divide 88590?
True
Is 20420 a multiple of 10?
True
Is 41405 a multiple of 91?
True
Does 5 divide 30391?
False
Is 568 even?
True
Is 10960 a multiple of 14?
False
Is 479 a multiple of 13?
False
Is 17 a factor of 901?
True
Is 411 a multiple of 9?
False
Is 12 a factor of 1740?
True
Does 24 divide 755?
False
Is 3144 a multiple of 10?
False
Does 104 divide 1248?
True
Does 25 divide 166?
False
Does 87 divide 25885?
False
Does 10 divide 2920?
True
Does 2 divide 4259?
False
Does 8 divide 4780?
False
Is 2864 a multiple of 41?
False
Does 53 divide 13780?
True
Is 4214 a multiple of 43?
True
Is 122 a factor of 847?
False
Is 18 a factor of 18?
True
Does 29 divide 1607?
False
Does 40 divide 560?
True
Is 24 a factor of 428?
False
Does 64 divide 3712?
True
Does 5 divide 345?
True
Is 2083 a multiple of 6?
False
Is 24 a factor of 5453?
False
Is 2131 a multiple of 31?
False
Is 21448 a multiple of 6?
False
Does 11 divide 9118?
False
Is 21774 a multiple of 38?
True
Is 13215 a multiple of 15?
True
Is 39167 a multiple of 224?
False
Is 432 a multiple of 16?
True
Is 504 a multiple of 18?
True
Is 87 a factor of 59612?
False
Is 6 a factor of 40?
False
Does 2 divide 451?
False
Is 5 a factor of 89?
False
Does 13 divide 2223?
True
Is 36121 a multiple of 64?
False
Does 69 divide 2829?
True
Does 11 divide 165?
True
Is 25 a factor of 100?
True
Does 67 divide 45493?
True
Is 11 a factor of 169?
False
Is 9290 a multiple of 57?
False
Is 9 a factor of 1645?
False
Is 41 a factor of 1025?
True
Is 32 a factor of 4379?
False
Is 6552 a multiple of 104?
True
Is 17 a factor of 181?
False
Is 383 a multiple of 64?
False
Is 19680 a multiple of 16?
True
Is 178 a factor of 13706?
True
Is 3852 a multiple of 91?
False
Does 70 divide 17197?
False
Is 4838 a multiple of 59?
True
Is 21 a factor of 2247?
True
Is 12 a factor of 8521?
False
Is 45567 a multiple of 183?
True
Is 169 a factor of 2295?
False
Is 1834 a multiple of 7?
True
Is 1725 a multiple of 43?
False
Is 31 a factor of 4588?
True
Is 21 a factor of 5460?
True
Is 274 a multiple of 3?
False
Does 14 divide 12522?
False
Is 600 a multiple of 2?
True
Does 49 divide 2107?
True
Is 58 a factor of 18145?
False
Does 88 divide 806?
False
Is 4632 a multiple of 14?
False
Is 39 a factor of 1070?
False
Does 15 divide 638?
False
Is 18122 a multiple of 13?
True
Is 323 a factor of 45220?
True
Is 2180 a multiple of 218?
True
Does 8 divide 2675?
False
Is 181 a multiple of 3?
False
Is 13 a factor of 17698?
False
Is 9750 a multiple of 75?
True
Is 540 a multiple of 36?
True
Does 21 divide 2634?
False
Is 8 a factor of 431?
False
Is 2933 a multiple of 7?
True
Does 13 divide 689?
True
Does 36 divide 8100?
True
Does 31 divide 899?
True
Does 7 divide 681?
False
Is 679 a multiple of 5?
False
Does 14 divide 175?
False
Is 966 a multiple of 69?
True
Does 7 divide 126?
True
Does 55 divide 89?
False
Is 13 a factor of 624?
True
Does 49 divide 3577?
True
Is 9 a factor of 97336?
False
Is 27174 a multiple of 21?
True
Is 29247 a multiple of 89?
False
Is 15309 a multiple of 243?
True
Does 5 divide 664?
False
Is 3176 a multiple of 8?
True
Does 5 divide 345?
True
Does 18 divide 2506?
False
Is 92 a factor of 1104?
True
Is 332 a multiple of 11?
False
Is 18 a factor of 1412?
False
Is 14 a multiple of 14?
True
Is 741 a multiple of 5?
False
Is 134 a multiple of 37?
False
Is 13 a factor of 14607?
False
Does 17 divide 31382?
True
Does 3 divide 7020?
True
Does 13 divide 57330?
True
Does 21 divide 14741?
False
Does 44 divide 264?
True
Does 6 divide 425?
False
Is 10786 a multiple of 46?
False
Is 1806 a multiple of 49?
False
Does 15 divide 10007?
False
Is 328 a multiple of 6?
False
Is 385 a multiple of 13?
False
Is 58 a factor of 2095?
False
Is 23218 a multiple of 13?
True
Is 8400 a multiple of 21?
True
Does 31 divide 32654?
False
Is 2 a factor of 77?
False
Is 1430 a multiple of 22?
True
Is 2600 a multiple of 130?
True
Is 672 a multiple of 8?
True
Is 46 a factor of 1242?
True
Does 3 divide 4061?
False
Does 39 divide 4035?
False
Does 4 divide 1172?
True
Is 12 a factor of 1800?
True
Does 7 divide 18186?
True
Is 198 a multiple of 9?
True
Is 10529 a multiple of 3?
False
Does 15 divide 225?
True
Does 89 divide 6141?
True
Is 875 a multiple of 5?
True
Is 127 a factor of 32893?
True
Is 11015 a multiple of 30?
False
Does 26 divide 1898?
True
Is 288 a multiple of 32?
True
Is 876 a multiple of 73?
True
Is 1200 a multiple of 24?
True
Does 5 divide 1994?
False
Is 2431 a multiple of 54?
False
Does 139 divide 8258?
False
Is 14608 a multiple of 16?
True
Is 11016 a multiple of 20?
False
Does 4 divide 267?
False
Does 29 divide 3263?
False
Is 168 a multiple of 6?
True
Is 11 a factor of 264?
True
Is 55427 a multiple of 43?
True
Does 13 divide 1209?
True
Is 325 a factor of 47248?
False
Does 33 divide 5264?
False
Does 41 divide 3854?
True
Does 39 divide 5070?
True
Is 25 a factor of 301?
False
Is 19 a factor of 31272?
False
Does 23 divide 3406?
False
Is 2917 a multiple of 17?
False
Is 727 a multiple of 39?
False
Is 5290 a multiple of 140?
False
Does 26 divide 182?
True
Does 9 divide 352?
False
Is 8 a factor of 19960?
True
Is 41 a factor of 200?
False
Is 1955 a multiple of 23?
True
Does 15 divide 105945?
True
Is 8298 a multiple of 18?
True
Does 76 divide 4028?
True
Is 621 a multiple of 13?
False
Does 10 divide 7410?
True
Is 22456 a multiple of 28?
True
Does 3 divide 1899?
True
Is 13 a factor of 683?
False
Is 1418 a multiple of 2?
True
Is 2901 a multiple of 24?
False
Is 89 a factor of 2937?
True
Does 113 divide 11300?
True
Does 14 divide 89502?
True
Is 34 a factor of 2006?
True
Does 61 divide 549?
True
Is 580 a multiple of 5?
True
Does 38 divide 5162?
False
Is 195 a multiple of 17?
False
Does 10 divide 682?
False
Does 34 divide 4148?
True
Is 4704 a multiple of 14?
True
Does 27 divide 1042?
False
Is 9960 a multiple of 6?
True
Is 40 a factor of 320?
True
Does 28 divide 3584?
True
Does 76 divide 27588?
True
Is 309 a multiple of 22?
False
Is 3159 a multiple of 27?
True
Is 10 a multiple of 10?
True
Does 146 divide 7300?
True
Is 67 a factor of 2711?
False
Is 16 a factor of 3671?
False
Is 39 a factor of 51090?
True
Is 15 a factor of 56018?
False
Is 17415 a multiple of 45?
True
Does 74 divide 814?
True
Is 13719 a multiple of 51?
True
Does 28 divide 4788?
True
Is 702 a multiple of 18?
True
Is 5544 a multiple of 42?
True
Is 1465 a multiple of 13?
False
Does 2 divide 1193?
False
Is 54 a factor of 6624?
False
Is 31 a factor of 15562?
True
Is 5226 a multiple of 39?
True
Is 161 a factor of 4758?
False
Does 236 divide 37760?
True
Does 27 divide 6372?
True
Is 3 a factor of 2672?
False
Is 12 a factor of 20301?
False
Is 21 a factor of 777?
True
Is 1672 a multiple of 88?
True
Is 11 a factor of 38345?
False
Is 118 a multiple of 4?
False
Does 6 divide 7591?
False
Does 2 divide 925?
False
Is 400 a multiple of 7?
False
Is 133 a factor of 21684?
False
Is 360 a multiple of 5?
True
Is 544 a multiple of 17?
True
Is 16 a factor of 1033?
False
Is 45 a factor of 75510?
True
Is 21 a factor of 987?
True
Is 873 a multiple of 11?
False
Does 51 divide 510?
True
Is 1952 a multiple of 4?
True
Does 8 divide 3355?
False
Is 190 a multiple of 4?
False
Is 32 a factor of 1856?
True
Is 41432 a multiple of 8?
True
Is 15704 a multiple of 151?
True
Is 5837 a multiple of 40?
False
Is 41 a factor of 60370?
False
Is 24 a factor of 8952?
True
Is 109 a factor of 15891?
False
Is 37 a factor of 370?
True
Does 17 divide 85?
True
Is 2042 a multiple of 150?
False
Is 21 a factor of 423?
False
Is 270 a factor of 99567?
False
Is 23 a factor of 20845?
False
Does 1